{"id":1049,"date":"2026-01-13T16:49:05","date_gmt":"2026-01-13T16:49:05","guid":{"rendered":"https:\/\/kudlateszczescie.eu\/?page_id=1049"},"modified":"2026-02-19T09:14:37","modified_gmt":"2026-02-19T09:14:37","slug":"o-hodowli","status":"publish","type":"page","link":"https:\/\/kudlateszczescie.eu\/?page_id=1049","title":{"rendered":"O hodowli"},"content":{"rendered":"\n<div class=\"wp-block-group alignfull is-layout-flow wp-block-group-is-layout-flow\">\n<div class=\"wp-block-group alignfull has-global-padding is-layout-constrained wp-container-core-group-is-layout-7dc229c6 wp-block-group-is-layout-constrained\" style=\"padding-top:var(--wp--preset--spacing--superbspacing-xxlarge);padding-right:var(--wp--preset--spacing--superbspacing-small);padding-bottom:var(--wp--preset--spacing--superbspacing-xxlarge);padding-left:var(--wp--preset--spacing--superbspacing-small)\">\n<div class=\"wp-block-columns alignwide is-layout-flex wp-container-core-columns-is-layout-a001aa69 wp-block-columns-is-layout-flex\" style=\"margin-top:0;margin-bottom:0\">\n<div class=\"wp-block-column is-vertically-aligned-center is-layout-flow wp-container-core-column-is-layout-db2cb278 wp-block-column-is-layout-flow\">\n<p>Cze\u015b\u0107!<\/p>\n\n\n\n<p>Jestem Kasia i jestem w\u0142a\u015bcicielk\u0105 hodowli Kud\u0142ate Szcz\u0119\u015bcie, a tak\u017ce oddan\u0105 psi\u0105 mam\u0105 wszystkich naszych czworono\u017cnych dzieci.<\/p>\n\n\n\n<p>Decyzj\u0119 o za\u0142o\u017ceniu hodowli podj\u0119\u0142am w 2021 roku i wtedy w\u0142a\u015bnie rozpocz\u0119\u0142a si\u0119 moja cudowna podr\u00f3\u017c w towarzystwie zawsze oddanych, wiernych i ci\u0105gle machaj\u0105cych ogonami Psijaci\u00f3\u0142. Pierwsze suczki hodowlane w naszym domu to Luna i Doty, cudowne siostry. Kolejni byli ch\u0142opcy Karmel oraz Tedi  a nast\u0119pnie Mili i Lety.&nbsp;<img loading=\"lazy\" decoding=\"async\" width=\"22\" height=\"22\" src=\"https:\/\/fonts.gstatic.com\/s\/e\/notoemoji\/16.0\/2665_fe0f\/72.png\" alt=\"\u2665\ufe0f\"><\/p>\n\n\n\n<p>Od tamtej pory hodowla sta\u0142a si\u0119  moj\u0105 pasj\u0105, rado\u015bci\u0105 i stylem \u017cycia ale r\u00f3wnie\u017c ca\u0142ym moim \u015bwiatem.<\/p>\n\n\n\n<p>Ka\u017cdego dnia dbam o dobrostan, zdrowie i prawid\u0142owy rozw\u00f3j moich ps\u00f3w. Socjalizacja i habituacja naszych szczeni\u0105t \u2013 od pierwszego dnia ich \u017cycia a\u017c do momentu, gdy trafiaj\u0105 w r\u0119ce swoich przysz\u0142ych rodzin jest nadrz\u0119dnym celem mojej pracy.<\/p>\n\n\n\n<p>Wierz\u0119, \u017ce wyb\u00f3r odpowiedniej hodowli ma fundamentalne znaczenie. Dobry hodowca to osoba, kt\u00f3ra nieustannie si\u0119 rozwija, uczy i doskonali, by zapewni\u0107 psom to, co najlepsze. Od pocz\u0105tkowych dni \u017cycia maluszk\u00f3w dba o ich rozw\u00f3j zar\u00f3wno fizyczny jak i przede wszystkim psychiczny.  Ka\u017cdy etap \u017cycia maluszka wykorzystuj\u0119 jak najlepiej dla jego pe\u0142nego rozwoju. Dobrze socjalizowany maluszek to p\u00f3\u017aniej pewny siebie i odwa\u017cny pies..<\/p>\n\n\n\n<p>Cho\u0107 praca z psami jest niezwykle przyjemna, nie zawsze jest \u0142atwa \u2013 czasami \u017cycie pisze r\u00f3\u017cne scenariusze. Robi\u0119 jednak wszystko, aby trudnych moment\u00f3w by\u0142o jak najmniej \u2013 poprzez zdobywanie wiedzy, zdobywanie do\u015bwiadczenia i systematyczne szkolenie si\u0119.<\/p>\n\n\n\n<p><\/p>\n\n\n\n<p>Uko\u0144czy\u0142am mi\u0119dzy innymi szkolenia z zakresu:<\/p>\n\n\n\n<ul class=\"wp-block-list\">\n<li>Pierwsza pomoc przedweterynaryjna<\/li>\n\n\n\n<li>Socjalizacja szczeni\u0105t w hodowli<\/li>\n\n\n\n<li>Stres u psa- co si\u0119 dzieje w zestresowanej psiej g\u0142owie i jakie mog\u0105 by\u0107 tego skutki<\/li>\n\n\n\n<li>Akupresura &#8211; wyciszaj\u0105ce owijki dla psa<\/li>\n\n\n\n<li>Emocje u ps\u00f3w i kot\u00f3w &#8211; jak z nimi pracowa\u0107<\/li>\n\n\n\n<li>Pies reproduktor &#8211; badania, porady i problemy<\/li>\n\n\n\n<li>Suka hodowlana &#8211; badania, porady i problemy<\/li>\n\n\n\n<li>Kosmetologia ps\u00f3w i kot\u00f3w<\/li>\n\n\n\n<li>Genetyka &#8211; dziedziczenie umaszcze\u0144 u ps\u00f3w<\/li>\n\n\n\n<li>Ci\u0105\u017ca u suk i kotek<\/li>\n<\/ul>\n\n\n\n<p>Nieustannie szkol\u0119 si\u0119 i rozwijam, bo wierz\u0119, \u017ce dobry hodowca nigdy nie przestaje si\u0119 uczy\u0107. Ka\u017cdy pies, ka\u017cde szczeni\u0119 i ka\u017cda nowa rodzina ucz\u0105 mnie czego\u015b nowego.<\/p>\n\n\n\n<p>Dzi\u0119kuj\u0119, \u017ce wybrali\u015bcie Pa\u0144stwo moj\u0105 hodowl\u0119 i obdarzyli\u015bcie mnie zaufaniem. Do\u0142\u0105czenie kolejnych rodzin do rodziny Kud\u0142ate Szcz\u0119\u015bcie to wielkie wyr\u00f3\u017cnienie dla mnie i potwierdzenie tego, \u017ce jak si\u0119 robi co\u015b ca\u0142ym sercem to jest to doceniane. <\/p>\n\n\n\n<p>DZI\u0118KUJ\u0118!<\/p>\n<\/div>\n\n\n\n<div class=\"wp-block-column is-vertically-aligned-center is-layout-flow wp-container-core-column-is-layout-40a2a7e8 wp-block-column-is-layout-flow\" style=\"padding-right:0;padding-bottom:0;padding-left:0\">\n<figure class=\"wp-block-image size-full\"><img loading=\"lazy\" decoding=\"async\" width=\"1024\" height=\"1024\" src=\"http:\/\/kudlateszczescie.eu\/wp-content\/uploads\/2025\/11\/LogoHodowla-1.jpg\" alt=\"\" class=\"wp-image-996\" srcset=\"https:\/\/kudlateszczescie.eu\/wp-content\/uploads\/2025\/11\/LogoHodowla-1.jpg 1024w, https:\/\/kudlateszczescie.eu\/wp-content\/uploads\/2025\/11\/LogoHodowla-1-300x300.jpg 300w, https:\/\/kudlateszczescie.eu\/wp-content\/uploads\/2025\/11\/LogoHodowla-1-150x150.jpg 150w, https:\/\/kudlateszczescie.eu\/wp-content\/uploads\/2025\/11\/LogoHodowla-1-768x768.jpg 768w\" sizes=\"auto, (max-width: 1024px) 100vw, 1024px\" \/><\/figure>\n<\/div>\n<\/div>\n<\/div>\n<\/div>\n\n\n","protected":false},"excerpt":{"rendered":"<p>Cze\u015b\u0107! Jestem Kasia i jestem w\u0142a\u015bcicielk\u0105 hodowli Kud\u0142ate Szcz\u0119\u015bcie, a tak\u017ce oddan\u0105 psi\u0105 mam\u0105 wszystkich naszych czworono\u017cnych dzieci. Decyzj\u0119 o za\u0142o\u017ceniu hodowli podj\u0119\u0142am w 2021 roku i wtedy w\u0142a\u015bnie rozpocz\u0119\u0142a si\u0119 moja cudowna podr\u00f3\u017c w towarzystwie zawsze oddanych, wiernych i ci\u0105gle machaj\u0105cych ogonami Psijaci\u00f3\u0142. Pierwsze suczki hodowlane w naszym domu to Luna i Doty, cudowne&#8230;<\/p>\n","protected":false},"author":3,"featured_media":0,"parent":0,"menu_order":0,"comment_status":"closed","ping_status":"closed","template":"","meta":{"_glsr_average":0,"_glsr_ranking":0,"_glsr_reviews":0,"footnotes":"[]"},"class_list":["post-1049","page","type-page","status-publish","hentry"],"_links":{"self":[{"href":"https:\/\/kudlateszczescie.eu\/index.php?rest_route=\/wp\/v2\/pages\/1049","targetHints":{"allow":["GET"]}}],"collection":[{"href":"https:\/\/kudlateszczescie.eu\/index.php?rest_route=\/wp\/v2\/pages"}],"about":[{"href":"https:\/\/kudlateszczescie.eu\/index.php?rest_route=\/wp\/v2\/types\/page"}],"author":[{"embeddable":true,"href":"https:\/\/kudlateszczescie.eu\/index.php?rest_route=\/wp\/v2\/users\/3"}],"replies":[{"embeddable":true,"href":"https:\/\/kudlateszczescie.eu\/index.php?rest_route=%2Fwp%2Fv2%2Fcomments&post=1049"}],"version-history":[{"count":4,"href":"https:\/\/kudlateszczescie.eu\/index.php?rest_route=\/wp\/v2\/pages\/1049\/revisions"}],"predecessor-version":[{"id":1197,"href":"https:\/\/kudlateszczescie.eu\/index.php?rest_route=\/wp\/v2\/pages\/1049\/revisions\/1197"}],"wp:attachment":[{"href":"https:\/\/kudlateszczescie.eu\/index.php?rest_route=%2Fwp%2Fv2%2Fmedia&parent=1049"}],"curies":[{"name":"wp","href":"https:\/\/api.w.org\/{rel}","templated":true}]}}